1 + 2 + (-1 - 1).
-2
5 + -5 + 4 + -8 + 1
-3
-2 + (-6 - (1 - -1 - 3))
-7
What is 0 + -7 + 3 + 4 + -5?
-5
Calculate 4 - (10 + -7 + 6).
-5
-4 + (9 - (6 - 2))
1
What is the value of -2 + (1 - -2) - (-4 - -5)?
0
What is (2 - 3) + (-2 - (2 + -5))?
0
Calculate 1 + -5 + (-3 - -7 - 3).
-3
What is the value of (6 - 4 - -2) + 2 + -3?
3
Calculate 3 - (2 + 1 + 6) - -2.
-4
What is the value of -3 - (-3 + 4 - (4 + 2))?
2
Evaluate (1 + -2 - -4) + 2 + -1.
4
What is -5 + (6 - 5) + -1 + 3?
-2
Calculate -8 + 5 - (8 + -7).
-4
What is the value of -6 - (-6 - (-5 + 5)) - 3?
-3
Calculate 1 + -3 + 2 + -3 - 1.
-4
What is 7 + -4 + 9 + -14?
-2
Evaluate 3 - (-3 - -3) - 0 - 1.
2
What is -7 + 0 + -73 + 89 + -15?
-6
-21 - -11 - (3 + -11)
-2
-3 + (-4 - (-7 - 0) - 0)
0
Evaluate 12 - (-19 - -9 - -16).
6
What is the value of (22 - (17 - 6)) + -10?
1
Calculate (4 - 6) + (0 + 0 - 2).
-4
What is the value of 6 + (-8 - (4 - 2))?
-4
What is (-5 - -10) + 1 + -11 - 3?
-8
Calculate 8 + -6 + 5 + -1 + -3.
3
8 + (1 - (25 - 9))
-7
What is the value of -4 + 4 + 1 + 23 + -22?
2
What is (-10 - 1) + 14 - 7?
-4
6 + (1 - 3) + (2 - 1)
5
What is the value of (1 - 3 - -4) + -1?
1
Evaluate -14 - -9 - (1 - 4).
-2
What is the value of 6 - (8 + -1 + -6)?
5
What is 5 - (3 - (-3 + -3))?
-4
What is the value of 2 + (-7 - 0) - -7?
2
Evaluate -1 + 1 - (37 + -33).
-4
Evaluate (6 - 2 - (-2 - 0)) + -3.
3
11 + 0 + -12 + 0
-1
(1 - (1 + 3)) + 6 + -6
-3
Calculate 4 - (3 + -2 + 4 + -2).
1
Evaluate 2 + -6 + 4 + 4.
4
Evaluate 5 + -12 + (3 - -5).
1
Calculate 6 + (12 - (11 + -1)).
8
What is (9 - 1) + -2 + -1?
5
What is (2 - 7) + (2 - -1)?
-2
What is 10 + 10 + -13 + -1?
6
What is the value of 23 + -7 + -13 + 0?
3
What is the value of -3 + -3 + (0 + 11 - 6)?
-1
Calculate 0 - ((-4 - -6) + 0 + 1).
-3
-5 - (9 - (11 + 3))
0
(0 + -4 - (-1 + -3)) + 3
3
What is 7 + (5 - (1 + 3)) + -5?
3
What is the value of -1 + 0 + (7 - (15 - 4))?
-5
Calculate 6 + 0 + (-1 - 5).
0
What is -5 - (-2 + 9 + -10)?
-2
What is the value of -1 - ((7 - 3) + -8 + 6)?
-3
-4 - ((-16 - -3) + 4)
5
What is 7 - (3 + (6 - -4))?
-6
Calculate 8 + -7 + -3 + 8 - 3.
3
What is the value of 7 - (0 + 8 + 3 + -4)?
0
What is 0 - 1 - (2 + (2 - 9))?
4
Calculate 7 - (-4 + 6) - 3 - 1.
1
-2 - (3 + -10 + -2 + 3)
4
What is -1 + (2 - -5) - 4?
2
7 + (-3 + 3 - 9)
-2
Calculate (-2 - -1) + (-1 - (0 - 1)).
-1
What is -1 - (-2 - (-3 + 5))?
3
(-8 - -9 - -3) + 0
4
1 + -7 + 6 + 2
2
What is (-2 - (-2 - -1)) + -2?
-3
What is the value of -6 - ((3 - -2) + -6)?
-5
What is the value of 0 - (2 + 4 + -3)?
-3
What is -4 - (7 + -11 + 6 + -1)?
-5
What is the value of (0 - (7 + -14)) + -7?
0
(51 - 51) + 2 + 2
4
Evaluate 0 + (-1 - -2) - -1 - 0.
2
Evaluate -5 + 9 - 6 - -8.
6
Calculate -5 + (1 - 2 - (2 - 2)).
-6
Calculate (4 - 4 - 6) + (-2 - -5).
-3
Calculate (-6 - -4) + -4 - (6 - 6).
-6
-5 - (8 + -11 - 1)
-1
What is the value of -9 + 0 + (-17 - -14 - -5)?
-7
Calculate 3 - ((4 - (-5 + 6)) + 5).
-5
-2 + 6 + (-6 - -3)
1
Calculate (-12 - -7) + 2 + (-2 - -1).
-4
7 - -1 - 6 - -2
4
Calculate 1 + (-5 - -2 - -9) - 2.
5
What is the value of -6 + 7 + -5 + 6?
2
What is 80 + -76 - (1 + 12)?
-9
Calculate (5 - (1 - -11)) + 2.
-5
What is 10 - (9 - (13 - 5))?
9
What is 1 - (0 + -6) - 8?
-1
-1 + -3 - 2 - (8 + -14)
0
What is 1 + -6 + 6 + 0 + -6?
-5
What is the value of -19 - -19 - (1 + -5)?
4
What is the value of (-7 - -10) + (0 - (-4 + 1))?
6
Calculate 1 + (1 - 6) + 13 + -12.
-3
What is the value of 3 - (3 - (-2 + 0))?
-2
-2 - (2 + 1 + 2 + -9)
2
What is the value of -3 + (3 - 4 - -9) - 7?
-2
Evaluate 3 - (-5 + (4 - -2)).
2
What is the value of -1 - ((5 - 2) + -4)?
0
Calculate 6 + -4 - (-1 + 4).
-1
What is -1 - (-2 - (8 + -18))?
-9
What is 9 + -1 + -2 - (-6 + 5)?
7
What is the value of -4 - (-7 + 6) - (-2 - -4)?
-5
Calculate 6 - (3 + 2 + -3 + 0).
4
What is 6 - (12 - (-8 + 4) - 6)?
-4
Calculate (-5 + 1 - -5 - 3) + 5.
3
Evaluate (-4 - 1) + 6 - -2.
3
What is the value of 4 - (-9 - -13) - 5?
-5
What is the value of 4 - (4 + -6 + 12 - 4)?
-2
Calculate 13 - (-2 - 0) - 9.
6
Calculate 0 + (-9 - (-3 - (7 + -7))).
-6
What is the value of 16 - 5 - (9 + -2)?
4
Calculate -5 + 4 + 1 + 4.
4
-6 - (4 + -1 - 16)
7
Evaluate 5 - (5 - 4) - (-1 - -7).
-2
2 - (-18 + 8 + 19)
-7
What is the value of (4 - -1 - 0) + -3 + 1?
3
(-1 - 0) + -3 - 0
-4
Calculate (-43 - -40) + (0 + -1 - 0).
-4
What is -4 + -2 + 4 + 0 + 7?
5
Calculate -4 - (1 - (-3 + (4 - -2))).
-2
Calculate -6 - (3 - (1 - -4) - 1).
-3
(-7 - -1) + 12 + -4
2
-1 + -2 + 2 + (-17 - -13)
-5
What is the value of 18 + -16 + (-2 - 7)?
-7
Evaluate -2 + (-1 + 0 - -2).
-1
-5 + 6 + -3 + 5 - 0
3
-2 - (3 - 4 - -6)
-7
4 + (-5 - ((-1 - 2) + 1))
1
Calculate -1 - 1 - (1 + -1 + -2).
0
-6 + (6 - -6) - 1
5
Evaluate 1 + 4 - 6 - -5 - 4.
0
Calculate 2 - (0 + -3 + 4 + 6).
-5
Evaluate (0 - -2) + (-16 - -9).
-5
Calculate -3 + (4 + 0 - (6 - 6)).
1
Evaluate -4 - (13 + -8 + -5).
-4
-3 + 4 + -4 + -1 + 7
3
Evaluate -4 - (5 + -4 + -1).
-4
What is 1 - -1 - (5 + (-1 - 2))?
0
What is the value of 4 + 2 + -1 - 3?
2
Calculate 1 + 0 + (-3 - (3 - 6)).
1
-1 + -1 + 2 + 1 - 1
0
Evaluate -2 + 2 + 1 - (61 + -64).
4
Calculate -17 - -9 - (-2 - 3).
-3
What is the value of 3 - -1 - ((12 - 8) + -4)?
4
Calculate 0 + 0 + 18 + -17.
1
-2 + 7 - 16 - (-5 - -3)
-9
Evaluate (0 - 3 - -4) + 2 - -2.
5
(-4 - -3 - 6) + 3 - 1
-5
Evaluate -6 + (6 - (0 - 1 - -7)).
-6
Calculate 0 - ((-4 - 1) + (3 - 0)).
2
What is the value of (-1 - 0) + 3 + -4 - -3?
1
-5 + (3 - ((-7 - -14) + -17))
8
9 - (-2 + 6 - -1)
4
What is the value of -1 + 1 - (-2 + (-2 - 1))?
5
2 - (3 - (4 + -2 - 3))
-2
Evaluate -10 + 1 + 9 + -7.
-7
-2 + 1 - (6 + -3 + 1)
-5
Calculate -2 - -3 - (-6 - -11).
-4
5 + -1 + 0 - 1
3
Evaluate 1 - -1 - -2 - 5.
-1
Evaluate 1 + (1 + 3 + -5 - -2).
2
What is -1 - ((-1 - 1) + -1)?
2
What is the value of (-16 - -10) + (5 - 1)?
-2
Calculate -7 + 3 + 1 + 2.
-1
What is -8 + 10 + (3 - 0)?
5
What is -4 + (1 + -1 - (3 - 4))?
-3
What is the value of -5 - (6 + (0 - -2) + -7)?
-6
What is -7 + 13 + -2 - (0 + 3)?
1
-1 + -1 + (-18 - -20)
0
What is -6 + 5 + 6 + -6?
-1
What is the value of 13 + (-3 - (-3 + (6 - 3)))?
10
-2 + -8 + (-57 - -61)
-6
What is 15 - -1 - (104 + -98)?
10
Calculate 2 + 0 + 2 + 0 + -1.
3
Evaluate -5 + 8 + 2 + -9 + -6.
-10
What is the value of 3 + (-1 + 1 - 11 - -2)?
-6
-4 + (8 + (14 - 7) - 8)
3
Evaluate 11 + -10 + 11 + -6.
6
Calculate -1 + (0 - 0) - (-2 - -4).
-3
Evaluate -1 + 7 - (-21 + 30).
-3
What is 2 + (-6 - (3 - 3))?
-4
What is -1 - (5 + -7 + 4 + -1)?
-2
0 + (-4 - (-2 - 5)) + -2
1
Calculate 10 + (11 - 18) + (2 - -1).
6
Calculate (7 + -9 - (-2 + -1)) + 1.
2
What is the value of -5 - -2 - (0 + -2 + -4)?
3
What is -2 - -2 - (2 - -1)?
-3
4 - 0 - (4 + (-6 - -4))
2
Calculate -4 + 2 + (1 - -8) - 6.
1
-7 + (-2 - -6 - -6)
3
What is 4 + -2 + (6 - 5)?
3
What is 64 + -68 + -1 + 3?
-2
What is (10 + -6 - 3) + -5?
-4
What is the value of (6 - ((-6 - 0) + 6)) + 3?
9
What is 2 + 3 + -4 + -2?
-1
6 - (-1 + -4 + 8)
3
Calculate -19 + (-13 - -22) + 4.
-6
Calculate 5 - (-6 + 4 + 5).
2
-16 + 26 + (-6 - 0) - 5
-1
Calculate (-8 - (-15 - -9)) + -3.
-5
1 + -1 + (-1 - (0 + 1))
-2
Evaluate -6 - -5 - -3 - 6.
-4
What is (6 - 5) + 3 - 1?
3
Evaluate 3 + 9 + -4 - 6.
2
Evaluate 4 + -5 - (-2 - -3).
-2
(1 - (2 - -4)) + 3
-2
-48 - -34 - (1 - 13)
-2
What is the value of 6 + -8 + 7 + (3 - 4)?
4
Evaluate 2 + 1 + 7 + -14 + 1.
-3
Evaluate -23 - -16 - (-2 + 1).
-6
What is -6 + 0 - (5 - (0 - -10))?
-1
What is the value of (3 - (1 + 10)) + 9 + -10?
-9
What is (3 + -8 - (-5 + 1)) + -4?
-5
Calculate -4 + -8 + 23 - 8.
3
Evaluate -7 - (3 - (2 + 4) - 1).
-3
What is the value of -1 + 4 - (-1 + 4)?
0
What is 3 + 1 - (14 + -17 + 11)?
-4
Calculate -19 + 14 + (-3 - -10).
2
Evaluate -122 - -120 - (0 + 1).
-3
Evaluate -4 + (6 - (-4 - -9)).
-3
-2 + -3 + 6 + -3 - 0
-2
Calculate -3 + (0 - 2 - -3).
-2
What is the value of 0 + 0 - (-4 + -1)?
5
6 - (2 - (0 + -2)) - -1
3
What is 2 + -13 - (1 + -7)?
-5
Evaluate (5 - (-6 + 3)) + -9 + 3.
2
What is (3 - 5) + -4 + 4?
-2
5 + 1 - (8 + -8)
6
Evaluate -5 + (-2 - (5 - 11 - -4)).
-5
4 - (1 + -7 + (11 - -6))
-7
Evaluate -13 - (-11 - -12 - 7).
-7
What is 9 - (-4 + 1 + 5 - -1)?
6
What is 0 + -14 + -37 + 46?
-5
What is 1 - (2 + 4 + 0)?
-5
Calculate 1 + 3 + 3 - (-2 - -5).
4
What is the value of -4 - (-5 - 2) - -3?
6
Calculate (-1 - 0) + (8 - (-8 + 13)).
2
What is 10 - -3 - 6